{"id":14,"date":"2025-11-05T15:03:43","date_gmt":"2025-11-05T15:03:43","guid":{"rendered":"https:\/\/JMG.nuvem3.com.br\/?page_id=14"},"modified":"2025-11-25T19:31:37","modified_gmt":"2025-11-25T19:31:37","slug":"home","status":"publish","type":"page","link":"https:\/\/JMG.nuvem3.com.br\/","title":{"rendered":"home"},"content":{"rendered":"\t\t<div data-elementor-type=\"wp-page\" data-elementor-id=\"14\" class=\"elementor elementor-14\">\n\t\t\t\t<div class=\"elementor-element elementor-element-5b6e4fb e-flex e-con-boxed wpr-particle-no wpr-jarallax-no wpr-parallax-no wpr-sticky-section-no e-con e-parent\" data-id=\"5b6e4fb\" data-element_type=\"container\" id=\"RegistroCivil\" data-settings=\"{&quot;background_background&quot;:&quot;gradient&quot;}\">\n\t\t\t\t\t<div class=\"e-con-inner\">\n\t\t\t\t<div class=\"elementor-element elementor-element-d3d7152 elementor-widget elementor-widget-html\" data-id=\"d3d7152\" data-element_type=\"widget\" data-widget_type=\"html.default\">\n\t\t\t\t\t<div id=\"\" class=\"box_servico_registro_ajuste\">\n    \n    <div class=\"box_servico_conteudo\">\n        \n        <h2>\n            O SERVI\u00c7O | ATPV-e\n        <\/h2>\n        \n        <p>\n           A JMG.Autos, por meio de integra\u00e7\u00e3o com Registro Civil,\ndisponibiliza servi\u00e7os com in\u00e9dito grau de seguran\u00e7a jur\u00eddica e\ntecnol\u00f3gica relativos \u00e0 disponibiliza\u00e7\u00e3o e assinatura da\ntransfer\u00eancia veicular eletr\u00f4nica (ATPV-e).  \n        <\/p>\n        \n        <p style=\"margin-bottom:0px;\">\n            A solu\u00e7\u00e3o est\u00e1 dispon\u00edvel para transfer\u00eancias individuais e em\nlote, para pessoas f\u00edsicas (PF) e pessoas jur\u00eddicas (PJ), de forma\n100% digital, sem a necessidade de deslocamento, com envio\nautom\u00e1tico para o SENATRAN.\n        <\/p>\n        \n    <\/div>\n    \n    \n    <div  class=\"imagem_registro_civil\">\n        \n        <img decoding=\"async\" src=\"\/wp-content\/uploads\/2025\/11\/Captura-de-tela-2025-11-06-094749.png\"> \n        \n    <\/div>\n    \n<\/div>\t\t\t\t<\/div>\n\t\t\t\t\t<\/div>\n\t\t\t\t<\/div>\n\t\t<div class=\"elementor-element elementor-element-97ae733 e-flex e-con-boxed wpr-particle-no wpr-jarallax-no wpr-parallax-no wpr-sticky-section-no e-con e-parent\" data-id=\"97ae733\" data-element_type=\"container\" data-settings=\"{&quot;background_background&quot;:&quot;classic&quot;}\">\n\t\t\t\t\t<div class=\"e-con-inner\">\n\t\t\t\t<div class=\"elementor-element elementor-element-6e45d99 elementor-widget elementor-widget-html\" data-id=\"6e45d99\" data-element_type=\"widget\" data-widget_type=\"html.default\">\n\t\t\t\t\t<div class=\"cta_intermediario_conteudo\">\n    \n    <div class=\"image_cta_intermediario\">\n        <img decoding=\"async\" style=\"width: 300px;\" src=\"\/wp-content\/uploads\/2025\/11\/logo-1-branca-1.webp\">\n    <\/div>\n    \n    <div class=\"cta_intermediaria_conteudo\">\n        \n        <h2>\n            PARA <strong>CONCESSION\u00c1RIAS<br>\nE LOJISTAS VENDEREM<br>\nMAIS <\/strong>E DE FORMA<br>\nMAIS <strong>R\u00c1PIDA<\/strong>\n        <\/h2>\n        \n    <\/div>\n    \n<\/div>\t\t\t\t<\/div>\n\t\t\t\t\t<\/div>\n\t\t\t\t<\/div>\n\t\t<div class=\"elementor-element elementor-element-8f01c35 e-flex e-con-boxed wpr-particle-no wpr-jarallax-no wpr-parallax-no wpr-sticky-section-no e-con e-parent\" data-id=\"8f01c35\" data-element_type=\"container\" id=\"ATPV\">\n\t\t\t\t\t<div class=\"e-con-inner\">\n\t\t\t\t<div class=\"elementor-element elementor-element-8e15f2c elementor-widget elementor-widget-html\" data-id=\"8e15f2c\" data-element_type=\"widget\" data-widget_type=\"html.default\">\n\t\t\t\t\t<div id=\"\" class=\"arpv_operacao_area\">\n    \n    <div class=\"atpv_operacao_titulo_sub\">\n        \n        <h2>\n            ATPV-e\n        <\/h2>\n        \n        <p>\n            Formaliza\u00e7\u00e3o do processo de compra e venda de ve\u00edculos usados<br>\natrav\u00e9s da assinatura eletr\u00f4nica avan\u00e7ada do IdRC.\n        <\/p>\n        \n    <\/div>\n    \n    <div class=\"atpv_operacao_conteudo\">\n        \n        <div class=\"item_atpv_conteudo_icone_texto\">\n            \n            <img decoding=\"async\" src=\"\/wp-content\/uploads\/2025\/11\/icone1.png\">\n            \n            <p>\n                <strong>Facilidade:<\/strong> processo\ntotalmente digital, sem\npapelada ou\ndeslocamentos\n            <\/p>\n            \n        <\/div>\n        \n        <div class=\"separator_itens_atpv_operacao\">\n            \n        \n            \n        <\/div>\n        \n        \n            <div class=\"item_atpv_conteudo_icone_texto\">\n            \n            <img decoding=\"async\" src=\"\/wp-content\/uploads\/2025\/11\/icone2.png\">\n            \n            <p>\n                <strong>Rapidez:<\/strong>  conclua a\ntransfer\u00eancia em poucos\ncliques, de qualquer lugar\n            <\/p>\n            \n        <\/div>\n        \n        <div class=\"separator_itens_atpv_operacao\">\n            \n        \n            \n        <\/div>\n        \n            <div class=\"item_atpv_conteudo_icone_texto\">\n            \n            <img decoding=\"async\" src=\"\/wp-content\/uploads\/2025\/11\/icone3.png\">\n            \n            <p>\n                <strong>Seguran\u00e7a:<\/strong>  certificados digitais\ngarantem a autenticidade e a\nprote\u00e7\u00e3o dos dados.\n            <\/p>\n            \n        <\/div>\n        \n        <div class=\"separator_itens_atpv_operacao\">\n            \n        \n            \n        <\/div>\n        \n            <div class=\"item_atpv_conteudo_icone_texto\">\n            \n            <img decoding=\"async\" src=\"\/wp-content\/uploads\/2025\/11\/icone4.png\">\n            \n            <p>\n                <strong>Integra\u00e7\u00e3o nacional:<\/strong> transfira ve\u00edculos entre\nestados sem\ncomplica\u00e7\u00f5es.\n            <\/p>\n            \n        <\/div>\n        \n      \n        \n    <\/div>\n    \n    \n   \n    \n    \n<\/div>\t\t\t\t<\/div>\n\t\t\t\t\t<\/div>\n\t\t\t\t<\/div>\n\t\t<div class=\"elementor-element elementor-element-01a35a1 largura_total_box e-flex e-con-boxed wpr-particle-no wpr-jarallax-no wpr-parallax-no wpr-sticky-section-no e-con e-parent\" data-id=\"01a35a1\" data-element_type=\"container\">\n\t\t\t\t\t<div class=\"e-con-inner\">\n\t\t\t\t<div class=\"elementor-element elementor-element-9ab8e9a elementor-widget elementor-widget-html\" data-id=\"9ab8e9a\" data-element_type=\"widget\" data-widget_type=\"html.default\">\n\t\t\t\t\t <div class=\"atpv_operacao_footer\">\n        <img decoding=\"async\" src=\"\/wp-content\/uploads\/2025\/11\/footer1.png\">\n        \n        \n    <\/div>\t\t\t\t<\/div>\n\t\t\t\t\t<\/div>\n\t\t\t\t<\/div>\n\t\t<div class=\"elementor-element elementor-element-1f8aa5f largura_total_box e-flex e-con-boxed wpr-particle-no wpr-jarallax-no wpr-parallax-no wpr-sticky-section-no e-con e-parent\" data-id=\"1f8aa5f\" data-element_type=\"container\">\n\t\t\t\t\t<div class=\"e-con-inner\">\n\t\t\t\t<div class=\"elementor-element elementor-element-dc9f868 elementor-widget elementor-widget-html\" data-id=\"dc9f868\" data-element_type=\"widget\" data-widget_type=\"html.default\">\n\t\t\t\t\t<div class=\"slider_box_centro_site\">\n    \n    \n    <div class=\"slider_box_centro_site_geral\">\n        \n    \n    <div class=\"slider_unidade\">\n        \n        <div class=\"slider_content\">\n            \n            <div class=\"conteudo_esquerda_slider\">\n                \n                <h2>TRANSFER\u00caNCIA<br>\n100% DIGITAL<\/h2>\n                \n            <\/div>\n            \n            \n            <div class=\"conteudo_direita_slider\">\n                <h2>\n                    PESSOA F\u00cdSICA<br>\nPESSOA JUR\u00cdDICA\n                <\/h2>\n            <\/div>\n            \n        <\/div>\n        \n    <\/div>\n    \n    \n    <div class=\"slider_unidade\">\n        \n        <div class=\"slider_content\">\n            \n            <div class=\"conteudo_esquerda_slider\">\n                \n                <h2>MELHOR<br>\nEXPERI\u00caNCIA PARA<br>\nSEU CLIENTE<\/h2>\n                \n            <\/div>\n            \n            \n            <div class=\"conteudo_direita_slider\">\n                <h2>\n   + R\u00c1PIDO<br>\n+F\u00c1CIL<br>\n+SEGURO\n                <\/h2>\n            <\/div>\n            \n        <\/div>\n        \n    <\/div>\n    <\/div>\n    \n<\/div>\t\t\t\t<\/div>\n\t\t\t\t\t<\/div>\n\t\t\t\t<\/div>\n\t\t<div class=\"elementor-element elementor-element-f82052e e-flex e-con-boxed wpr-particle-no wpr-jarallax-no wpr-parallax-no wpr-sticky-section-no e-con e-parent\" data-id=\"f82052e\" data-element_type=\"container\" id=\"Operacao\">\n\t\t\t\t\t<div class=\"e-con-inner\">\n\t\t\t\t<div class=\"elementor-element elementor-element-339a3f1 elementor-widget elementor-widget-html\" data-id=\"339a3f1\" data-element_type=\"widget\" data-widget_type=\"html.default\">\n\t\t\t\t\t<div id=\"\" class=\"arpv_operacao_area\">\n    \n    <div class=\"atpv_operacao_titulo_sub\">\n        \n        <h2>\n           Opera\u00e7\u00e3o\n        <\/h2>\n        \n        <p>\n    Processo realizado integralmente pela JMG.Autos para efetivar a transfer\u00eancia<br>\neletr\u00f4nica de ve\u00edculos.\n        <\/p>\n        \n    <\/div>\n    \n    <div class=\"atpv_operacao_conteudo\">\n        \n        <div class=\"item_atpv_conteudo_icone_texto\">\n            \n            <img decoding=\"async\" src=\"\/wp-content\/uploads\/2025\/11\/icone5.png\">\n            \n            <p>\n                <strong>Lote:<\/strong>  possibilidade de\nenvio de ve\u00edculos\npara transfer\u00eancia\nem lote\n            <\/p>\n            \n        <\/div>\n        \n        <div class=\"separator_itens_atpv_operacao\">\n            \n        \n            \n        <\/div>\n        \n        \n            <div class=\"item_atpv_conteudo_icone_texto\">\n            \n            <img decoding=\"async\" src=\"\/wp-content\/uploads\/2025\/11\/icone6.png\">\n            \n            <p>\n                <strong>Experi\u00eancia do Usu\u00e1rio:<\/strong>   o\ncomprador faz a\ntransfer\u00eancia pelo seu\ncelular\n            <\/p>\n            \n        <\/div>\n        \n        <div class=\"separator_itens_atpv_operacao\">\n            \n        \n            \n        <\/div>\n        \n            <div class=\"item_atpv_conteudo_icone_texto\">\n            \n            <img decoding=\"async\" src=\"\/wp-content\/uploads\/2025\/11\/icone7.png\">\n            \n            <p>\n                <strong>Tempo Real:<\/strong>  a transfer\u00eancia\npode ser conclu\u00edda na\nconcession\u00e1ria\n            <\/p>\n            \n        <\/div>\n        \n        <div class=\"separator_itens_atpv_operacao\">\n            \n        \n            \n        <\/div>\n        \n            <div class=\"item_atpv_conteudo_icone_texto\">\n            \n            <img decoding=\"async\" src=\"\/wp-content\/uploads\/2025\/11\/icone8.png\">\n            \n            <p>\n                <strong>Aumento de receita:<\/strong>  sua\nconcession\u00e1ria oferece um\nservi\u00e7o para incremento de receita\n            <\/p>\n            \n        <\/div>\n        \n      \n        \n    <\/div>\n    \n    \n   \n    \n    \n<\/div>\t\t\t\t<\/div>\n\t\t\t\t\t<\/div>\n\t\t\t\t<\/div>\n\t\t<div class=\"elementor-element elementor-element-d949f1c largura_total_box e-flex e-con-boxed wpr-particle-no wpr-jarallax-no wpr-parallax-no wpr-sticky-section-no e-con e-parent\" data-id=\"d949f1c\" data-element_type=\"container\">\n\t\t\t\t\t<div class=\"e-con-inner\">\n\t\t\t\t<div class=\"elementor-element elementor-element-df23161 elementor-widget elementor-widget-html\" data-id=\"df23161\" data-element_type=\"widget\" data-widget_type=\"html.default\">\n\t\t\t\t\t <div class=\"atpv_operacao_footer\">\n        <img decoding=\"async\" src=\"\/wp-content\/uploads\/2025\/11\/footer2.png\">\n        \n        \n    <\/div>\t\t\t\t<\/div>\n\t\t\t\t\t<\/div>\n\t\t\t\t<\/div>\n\t\t\t\t<\/div>\n\t\t","protected":false},"excerpt":{"rendered":"<p>O SERVI\u00c7O | ATPV-e A JMG.Autos, por meio de integra\u00e7\u00e3o com Registro Civil, disponibiliza servi\u00e7os com in\u00e9dito grau de seguran\u00e7a jur\u00eddica e tecnol\u00f3gica relativos \u00e0 disponibiliza\u00e7\u00e3o e assinatura da transfer\u00eancia veicular eletr\u00f4nica (ATPV-e). A solu\u00e7\u00e3o est\u00e1 dispon\u00edvel para transfer\u00eancias individuais e em lote, para pessoas f\u00edsicas (PF) e pessoas jur\u00eddicas (PJ), de forma 100% digital, sem a necessidade de deslocamento, com envio autom\u00e1tico para o SENATRAN. PARA CONCESSION\u00c1RIAS E LOJISTAS VENDEREM MAIS E DE FORMA MAIS R\u00c1PIDA ATPV-e Formaliza\u00e7\u00e3o do processo de compra e venda de ve\u00edculos usados atrav\u00e9s da assinatura eletr\u00f4nica avan\u00e7ada do IdRC. Facilidade: processo totalmente digital, sem papelada ou deslocamentos Rapidez: conclua a transfer\u00eancia em poucos cliques, de qualquer lugar Seguran\u00e7a: certificados digitais garantem a autenticidade e a prote\u00e7\u00e3o dos dados. Integra\u00e7\u00e3o nacional: transfira ve\u00edculos entre estados sem complica\u00e7\u00f5es. TRANSFER\u00caNCIA 100% DIGITAL PESSOA F\u00cdSICA PESSOA JUR\u00cdDICA MELHOR EXPERI\u00caNCIA PARA SEU CLIENTE + R\u00c1PIDO +F\u00c1CIL +SEGURO Opera\u00e7\u00e3o Processo realizado integralmente pela JMG.Autos para efetivar a transfer\u00eancia eletr\u00f4nica de ve\u00edculos. Lote: possibilidade de envio de ve\u00edculos para transfer\u00eancia em lote Experi\u00eancia do Usu\u00e1rio: o comprador faz a transfer\u00eancia pelo seu celular Tempo Real: a transfer\u00eancia pode ser conclu\u00edda na concession\u00e1ria Aumento de receita: sua concession\u00e1ria oferece um servi\u00e7o para incremento de receita<\/p>\n","protected":false},"author":1,"featured_media":0,"parent":0,"menu_order":0,"comment_status":"closed","ping_status":"closed","template":"elementor_header_footer","meta":{"footnotes":""},"class_list":["post-14","page","type-page","status-publish","hentry"],"_links":{"self":[{"href":"https:\/\/JMG.nuvem3.com.br\/index.php?rest_route=\/wp\/v2\/pages\/14","targetHints":{"allow":["GET"]}}],"collection":[{"href":"https:\/\/JMG.nuvem3.com.br\/index.php?rest_route=\/wp\/v2\/pages"}],"about":[{"href":"https:\/\/JMG.nuvem3.com.br\/index.php?rest_route=\/wp\/v2\/types\/page"}],"author":[{"embeddable":true,"href":"https:\/\/JMG.nuvem3.com.br\/index.php?rest_route=\/wp\/v2\/users\/1"}],"replies":[{"embeddable":true,"href":"https:\/\/JMG.nuvem3.com.br\/index.php?rest_route=%2Fwp%2Fv2%2Fcomments&post=14"}],"version-history":[{"count":154,"href":"https:\/\/JMG.nuvem3.com.br\/index.php?rest_route=\/wp\/v2\/pages\/14\/revisions"}],"predecessor-version":[{"id":249,"href":"https:\/\/JMG.nuvem3.com.br\/index.php?rest_route=\/wp\/v2\/pages\/14\/revisions\/249"}],"wp:attachment":[{"href":"https:\/\/JMG.nuvem3.com.br\/index.php?rest_route=%2Fwp%2Fv2%2Fmedia&parent=14"}],"curies":[{"name":"wp","href":"https:\/\/api.w.org\/{rel}","templated":true}]}}